{"id":2,"date":"2018-09-26T10:45:14","date_gmt":"2018-09-26T08:45:14","guid":{"rendered":"http:\/\/armor-expo.fr\/FR\/?page_id=2"},"modified":"2026-03-19T15:59:34","modified_gmt":"2026-03-19T14:59:34","slug":"accueil","status":"publish","type":"page","link":"http:\/\/armor-expo.fr\/FR\/","title":{"rendered":"accueil"},"content":{"rendered":"\n\n\t<h2>A propos<\/h2>\n\t<p>\u00a0<\/p>\n<p>Depuis sa cr\u00e9ation, \u00a0<strong>Armor Expo<\/strong> a toujours voulu mettre en avant des vignerons et des producteurs : <strong>Amoureux de leurs produits fid\u00e8les aux traditions et aux m\u00e9thodes de production les plus exigeantes.<\/strong> Tout au long de ces ann\u00e9es, <strong>le respect a \u00e9t\u00e9 le ma\u00eetre-mot de l&#8217;entreprise.<\/strong><\/p>\n<p>Respect que l&#8217;entreprise a, pour les vins et les produits authentiques, mais aussi celui qu&#8217;elle voue aux femmes et aux hommes qui perp\u00e9tuent ces magnifiques traditions.<\/p>\n<p>C&#8217;est pourquoi, forte des succ\u00e8s enregistr\u00e9s ann\u00e9e apr\u00e8s ann\u00e9e, <strong>Armor Expo<\/strong>, a en permanence, orient\u00e9 ses choix prioritairement vers des Salons \u00ab \u00e0 taille humaine \u00bb, cherchant toujours \u00e0 garantir le bon \u00e9quilibre entre nombre d&#8217;exposants et nombre de visiteurs, entre ma\u00eetrise des co\u00fbts et communication publicitaire large.<\/p>\n<p>C&#8217;est \u00e9galement ce qui a guid\u00e9 la soci\u00e9t\u00e9 \u00e0 se consacrer, pour chacune de ses manifestations, \u00e0 maintenir une organisation o\u00f9 la chaleur des relations n&#8217;est pas seulement une id\u00e9e et, ou chaque salon est l&#8217;occasion renouvel\u00e9e d&#8217;une grande convivialit\u00e9 entre tous.<\/p>\n<p><strong>Equipe ARMOR EXPO\/ PUISSANCE9<\/strong><\/p>\n\t\n<h1><strong>PROCHAIN SALON \u00a0: PERROS-GUIREC (22) \u00a0<\/strong>29e \u00e9dition <\/h1>\n<h1>DU VENDREDI 17 AVRIL au LUNDI 20 AVRIL 2026<\/h1>\n<h1>ESPLANADE DE LA DOUANE<\/h1>\n\t\n<h2>D\u00e9couvrez nos salons :<\/h2>\n\t<h1><strong>BINIC (22)<\/strong><\/h1>\n<h1>24\u00e8me SALON VINS &amp; GASTRONOMIE<\/h1>\n<h1>Du 12\/02\/2027 au 14\/02\/2027 \u00a0&#8211; <\/h1>\n<h1>Salle de l&#8217; Estran &#8211; 22520 BINIC<\/h1>\n<a href=\"http:\/\/armor-expo.fr\/FR\/binic\/\"><img decoding=\"async\" loading=\"lazy\" src=\"http:\/\/armor-expo.fr\/FR\/wp-content\/uploads\/2018\/09\/bouton.png\" alt=\"\" width=\"100\" height=\"100\" \/><\/a>\n\t<h1>PERROS-GUIREC (22)<\/h1>\n<h1>29e SALON VINS ET GASTRONOMIE<\/h1>\n<h1>17\/18\/19\/20 AVRIL 2026<\/h1>\n<h1>Esplanade de la Douane<\/h1>\n<h1><a href=\"http:\/\/armor-expo.fr\/FR\/perros-guirrec\/\"><img decoding=\"async\" loading=\"lazy\" src=\"http:\/\/armor-expo.fr\/FR\/wp-content\/uploads\/2018\/09\/bouton.png\" alt=\"\" width=\"100\" height=\"100\" \/><\/a><\/h1>\n\t<h1>LANDERNEAU (29)<\/h1>\n<h1>30\u00e8me SALON SAVEURS DES TERROIRS<\/h1>\n<h1>Du 23\/10\/2026 au 25\/10\/2026\u00a0<\/h1>\n<h1>Espace Saint Ernel &#8211; 29800 LANDERNEAU<\/h1>\n<h1><a href=\"http:\/\/armor-expo.fr\/FR\/landerneau\/\"><img decoding=\"async\" loading=\"lazy\" src=\"http:\/\/armor-expo.fr\/FR\/wp-content\/uploads\/2018\/09\/bouton.png\" alt=\"\" width=\"100\" height=\"100\" \/><\/a><\/h1>\n\t<h1>PONT-L&#8217;ABB\u00c9 (29)<\/h1>\n<h1>30\u00e8me SALON SAVEURS DES TERROIRS<\/h1>\n<h1>Du \u00a06\/11\/2026 au \u00a08\/11\/2026<\/h1>\n<h1>Salle Le Triskell &#8211; 29120 PONT-L&#8217;ABB\u00c9<\/h1>\n<h1><a href=\"http:\/\/armor-expo.fr\/FR\/pont-labbe\/\"><img decoding=\"async\" loading=\"lazy\" src=\"http:\/\/armor-expo.fr\/FR\/wp-content\/uploads\/2018\/09\/bouton.png\" alt=\"\" width=\"100\" height=\"100\" \/><\/a><\/h1>\n\n","protected":false},"excerpt":{"rendered":"<p>A propos \u00a0 Depuis sa cr\u00e9ation, \u00a0Armor Expo a toujours voulu mettre en avant des vignerons et des producteurs : Amoureux de leurs produits fid\u00e8les aux traditions et aux m\u00e9thodes de production les plus exigeantes. Tout au long de ces ann\u00e9es, le respect a \u00e9t\u00e9 le ma\u00eetre-mot de l&#8217;entreprise. Respect que l&#8217;entreprise a, pour les [&hellip;]<\/p>\n","protected":false},"author":1,"featured_media":0,"parent":0,"menu_order":0,"comment_status":"closed","ping_status":"open","template":"","meta":[],"_links":{"self":[{"href":"http:\/\/armor-expo.fr\/FR\/wp-json\/wp\/v2\/pages\/2"}],"collection":[{"href":"http:\/\/armor-expo.fr\/FR\/wp-json\/wp\/v2\/pages"}],"about":[{"href":"http:\/\/armor-expo.fr\/FR\/wp-json\/wp\/v2\/types\/page"}],"author":[{"embeddable":true,"href":"http:\/\/armor-expo.fr\/FR\/wp-json\/wp\/v2\/users\/1"}],"replies":[{"embeddable":true,"href":"http:\/\/armor-expo.fr\/FR\/wp-json\/wp\/v2\/comments?post=2"}],"version-history":[{"count":62,"href":"http:\/\/armor-expo.fr\/FR\/wp-json\/wp\/v2\/pages\/2\/revisions"}],"predecessor-version":[{"id":1105,"href":"http:\/\/armor-expo.fr\/FR\/wp-json\/wp\/v2\/pages\/2\/revisions\/1105"}],"wp:attachment":[{"href":"http:\/\/armor-expo.fr\/FR\/wp-json\/wp\/v2\/media?parent=2"}],"curies":[{"name":"wp","href":"https:\/\/api.w.org\/{rel}","templated":true}]}}

<h2>A propos</h2>
	<p> </p>
<p>Depuis sa création,  <strong>Armor Expo</strong> a toujours voulu mettre en avant des vignerons et des producteurs : <strong>Amoureux de leurs produits fidèles aux traditions et aux méthodes de production les plus exigeantes.</strong> Tout au long de ces années, <strong>le respect a été le maître-mot de l&#8217;entreprise.</strong></p>
<p>Respect que l&#8217;entreprise a, pour les vins et les produits authentiques, mais aussi celui qu&#8217;elle voue aux femmes et aux hommes qui perpétuent ces magnifiques traditions.</p>
<p>C&#8217;est pourquoi, forte des succès enregistrés année après année, <strong>Armor Expo</strong>, a en permanence, orienté ses choix prioritairement vers des Salons « à taille humaine », cherchant toujours à garantir le bon équilibre entre nombre d&#8217;exposants et nombre de visiteurs, entre maîtrise des coûts et communication publicitaire large.</p>
<p>C&#8217;est également ce qui a guidé la société à se consacrer, pour chacune de ses manifestations, à maintenir une organisation où la chaleur des relations n&#8217;est pas seulement une idée et, ou chaque salon est l&#8217;occasion renouvelée d&#8217;une grande convivialité entre tous.</p>
<p><strong>Equipe ARMOR EXPO/ PUISSANCE9</strong></p>
	
<h1><strong>PROCHAIN SALON  : PERROS-GUIREC (22)  </strong>29e édition </h1>
<h1>DU VENDREDI 17 AVRIL au LUNDI 20 AVRIL 2026</h1>
<h1>ESPLANADE DE LA DOUANE</h1>
	
<h2>Découvrez nos salons :</h2>
	<h1><strong>BINIC (22)</strong></h1>
<h1>24ème SALON VINS &amp; GASTRONOMIE</h1>
<h1>Du 12/02/2027 au 14/02/2027  &#8211; </h1>
<h1>Salle de l&#8217; Estran &#8211; 22520 BINIC</h1>
<a href="http://armor-expo.fr/FR/binic/"><img decoding="async" loading="lazy" src="http://armor-expo.fr/FR/wp-content/uploads/2018/09/bouton.png" alt="" width="100" height="100" /></a>
	<h1>PERROS-GUIREC (22)</h1>
<h1>29e SALON VINS ET GASTRONOMIE</h1>
<h1>17/18/19/20 AVRIL 2026</h1>
<h1>Esplanade de la Douane</h1>
<h1><a href="http://armor-expo.fr/FR/perros-guirrec/"><img decoding="async" loading="lazy" src="http://armor-expo.fr/FR/wp-content/uploads/2018/09/bouton.png" alt="" width="100" height="100" /></a></h1>
	<h1>LANDERNEAU (29)</h1>
<h1>30ème SALON SAVEURS DES TERROIRS</h1>
<h1>Du 23/10/2026 au 25/10/2026 </h1>
<h1>Espace Saint Ernel &#8211; 29800 LANDERNEAU</h1>
<h1><a href="http://armor-expo.fr/FR/landerneau/"><img decoding="async" loading="lazy" src="http://armor-expo.fr/FR/wp-content/uploads/2018/09/bouton.png" alt="" width="100" height="100" /></a></h1>
	<h1>PONT-L&#8217;ABBÉ (29)</h1>
<h1>30ème SALON SAVEURS DES TERROIRS</h1>
<h1>Du  6/11/2026 au  8/11/2026</h1>
<h1>Salle Le Triskell &#8211; 29120 PONT-L&#8217;ABBÉ</h1>
<h1><a href="http://armor-expo.fr/FR/pont-labbe/"><img decoding="async" loading="lazy" src="http://armor-expo.fr/FR/wp-content/uploads/2018/09/bouton.png" alt="" width="100" height="100" /></a></h1>

<p>A propos   Depuis sa création,  Armor Expo a toujours voulu mettre en avant des vignerons et des producteurs : Amoureux de leurs produits fidèles aux traditions et aux méthodes de production les plus exigeantes. Tout au long de ces années, le respect a été le maître-mot de l&#8217;entreprise. Respect que l&#8217;entreprise a, pour les [&hellip;]</p>
